
What is the hundreds digit of -4 + 34/8 + 1063/4?
2
What is the hundreds digit of (-1)/(-6) + 4172/24?
1
Let w(c) = -7*c - 1. Let s be w(-1). Suppose -2*h = -s*h + 40. Let x(k) = k**2 - 9*k + 10. What is the tens digit of x(h)?
2
Let c(m) = 27*m - 16. What is the units digit of c(6)?
6
Suppose -3*u - 2*u = 0. Suppose u = 3*n + n. Let v = n + 2. What is the units digit of v?
2
Let i(c) = c - 5. Let k be i(7). Let d be ((-1)/(-2))/((-1)/(-22)). What is the units digit of d/1 + 0 - k?
9
Let p(t) = -3*t**3 + t**2 - 1. Let o be p(-1). Suppose r - o*r = -18. Let n = r + -5. What is the units digit of n?
4
Let a = -6 - -11. Let h be (0 - 0) + a + -6. What is the units digit of 17*-1*(0 + h)?
7
Let s = 5 - 7. Let k(b) = 3*b**2 + 2*b + 2. What is the units digit of k(s)?
0
Suppose -3*y = 2*n - 1, 5*n - 4*n - 13 = y. What is the units digit of n?
8
Let t = 2 + -2. Suppose 3*f + f - 128 = t. Suppose y - f = -y. What is the tens digit of y?
1
Let a be 11 + 4*(-3)/(-4). Suppose j + 0*j - 4*k - a = 0, 4*j = k + 131. What is the units digit of j?
4
Suppose -4*o - 32 = -2*o. What is the units digit of (-28)/o + 2/8?
2
Let v(j) = -j**3 + j**2 + 5*j - 5. Suppose -4*y - q = -0*q - 6, -2 = 4*y + 5*q. What is the units digit of v(y)?
1
Let t = -122 - -238. What is the units digit of t?
6
Suppose 0 = g - 4*p - 12, g + 13 = -4*p - 7. Let b(x) = 2*x**2 - 2*x + 2. Let n be b(g). Suppose 2*o + o = n. What is the tens digit of o?
1
Suppose 2*g - 4 = 4. Let h = 13 - g. What is the units digit of h?
9
Let s(f) = f**2 - 1. Suppose 3*v + 11 = 2. What is the units digit of s(v)?
8
What is the tens digit of (7/(-21))/(2/(-246))?
4
Suppose 5*n - 109 = 71. What is the units digit of n?
6
Suppose o - 35 - 9 = 0. Suppose -3*d = -13 - 11. Suppose 0 = -4*a + d*a - o. What is the units digit of a?
1
Suppose 0 = 3*z - 17 - 19. What is the tens digit of z?
1
Suppose -20*h = -17*h - 69. What is the tens digit of h?
2
Let s(c) = c**3 + 16*c**2 - c - 13. Let j be s(-16). What is the units digit of j/(-21) - (-198)/14?
4
Let h = 69 - -36. What is the units digit of h?
5
Suppose 3 = -6*t + 1491. What is the hundreds digit of t?
2
Let m(h) = 6*h**2 + 7*h**2 - 3 + 8*h + h**3 + 0. What is the tens digit of m(-12)?
4
Let o(h) = -7 + 1 + 0*h - 2*h. What is the units digit of o(-6)?
6
Let f = 16 - 22. Let v(c) = -8*c - 3. What is the tens digit of v(f)?
4
Let c(p) = 13*p**3 + p**2 + 2*p + 1. Let b be c(-1). Let j = -6 - b. Let f = j - 3. What is the units digit of f?
4
Suppose 0 = -2*r + 6*r - 20. Suppose 0 = -2*s + r*s - 117. What is the tens digit of s?
3
Suppose -2*m + 138 + 78 = 0. Suppose -a - m = 3*a. Let l = -17 - a. What is the tens digit of l?
1
Let l = -4 + 13. Let q = l + -6. Suppose -12 = -4*y, o - 4 = -y + q*y. What is the units digit of o?
0
Let q = -4 - -2. Let p(u) = -u**3 + 4*u**2 + 17*u. Let h be p(5). What is the tens digit of ((-3)/6)/(q/h)?
1
Let w be 1/((-2)/(-6))*1. Suppose 0 = 5*i + w*r - 6*r + 182, -154 = 5*i + 4*r. What is the tens digit of i/((3 + 1)/(-2))?
1
Let n(r) = r**3 + r**2 - r + 2. Let c be n(-2). Let a be 4 - (-2)/4*c. Suppose -a = 2*h - 3*h. What is the units digit of h?
4
Let z(v) = 9*v**2 - 2*v - 6. Let c be z(-3). Suppose 2*r = -r + c. What is the tens digit of r?
2
Suppose 2*c - 6*c + 16 = 5*z, -4 = -c + 4*z. Suppose c*k - 4 = 2*k. Suppose -k*m + m = -10. What is the units digit of m?
0
Let u be (42/(-15))/(2/10). Let g = 29 + u. What is the units digit of 6/g - 86/(-10)?
9
Suppose -3*s - 12 = 0, s + 4*s = 3*v - 38. Suppose v*n = n. Suppose 0 = -h - b + 2*b, -3*h - 4*b + 7 = n. What is the units digit of h?
1
Let w be ((-2)/6)/(4/(-12)). Suppose -w = d - 5. Suppose 0 = 5*x - d*a - 50, 5*x - 37 = a + 13. What is the tens digit of x?
1
Suppose -5 = 4*u + 3, 2*x - 184 = 2*u. What is the tens digit of x?
9
Let q(v) = -v**2 + 4*v + 4. Suppose 0 = s - 15 + 5. Suppose -2*k + 6*k = a + 19, -4*k = 2*a - s. What is the units digit of q(k)?
4
What is the units digit of (-3018)/(-27) + (-1 - (-33)/27)?
2
Let k(f) = 7*f - f - 6 + 5*f**2 - 2*f - f**3 + 5*f. What is the units digit of k(6)?
2
Suppose -16*z + 26*z = 2020. What is the units digit of z?
2
Let p be 2 + 3/(-2)*-66. Suppose -2*s - 79 = p. What is the units digit of s/(-21) - (-4)/(-14)?
4
Let j = 5 - -48. What is the tens digit of j?
5
Suppose -3*s + 6*s = 204. Let n = s - 44. What is the tens digit of n?
2
Suppose 3*i + 3*s - 59 = 34, -5*i + 4*s = -173. Let w = i - 10. What is the units digit of (1 - 0) + -2 + w?
2
Let f = -104 - -273. Suppose 3*x - f = -x + 5*i, -3*x = i - 103. What is the units digit of x?
6
Suppose -a = a - 8. Suppose -4*w - w - 3*i + 8 = 0, -a*i - 12 = w. What is the units digit of w?
4
Let y be 22/143 - (-180)/13. Suppose -3*o = -10 - y. What is the units digit of o?
8
Let p(o) = -4*o**3 - o**2 - 1. Let q be p(-2). Suppose -18 - q = -3*x. What is the tens digit of x?
1
Suppose -4*p = -120 + 8. What is the tens digit of p?
2
Suppose -8 = -4*i - 0. Let c be (-3)/(-6)*(8 - i). Let g(s) = 5*s. What is the tens digit of g(c)?
1
Let f(t) = 33*t**2 - 10*t - 11. What is the hundreds digit of f(-3)?
3
Let k(z) = 143*z**2 + z - 1. What is the hundreds digit of k(1)?
1
Let s be 58/(-8) - 6/8. Let l = s - -12. What is the units digit of l?
4
Let f be (-4)/(-14) - (-4)/(-14). Let c = f + 3. Suppose -c*r - 39 = -6*r. What is the units digit of r?
3
Let n be (-2 + 1)/(8/(-16)). Suppose 56 = 4*x + n*v + 2*v, 3*v = x - 18. What is the units digit of x?
5
Suppose 3*k = 19 + 227. What is the units digit of k?
2
Suppose -x + 22 = -2*c + 6, 2*x - 29 = 3*c. What is the units digit of x?
0
Let l be 3 - 1*(-2)/(-2). Let q(k) = k + 1. Let b be q(-1). Let d = l + b. What is the units digit of d?
2
Let z be 5/3 - 5/(-15). Suppose y - 3*n - 9 = 4, z*y + 3*n = -19. Let m = 5 - y. What is the units digit of m?
7
Let a(r) = -r + 9. Let i(l) = 2*l + 6. Suppose 5*v + 2 = -3*o + 1, 5*o = -3*v - 23. Let n be i(o). What is the units digit of a(n)?
7
Let x = 3 + -3. Suppose x*q + 3*q = -5*i - 35, 2*q = -i. Let v(w) = w + 14. What is the units digit of v(i)?
4
Let n be (-8 + 5)/((-1)/11). Suppose q - 2*d - 18 = -d, 0 = q + 2*d - n. What is the units digit of q?
3
Let t(v) = -4*v**3 - v**2 + 5. Let m(y) = -5*y**3 - y**2 + 6. Let a(b) = -5*m(b) + 6*t(b). Suppose 3*q - 8 = -q. What is the units digit of a(q)?
4
Suppose z - 7 - 7 = -w, 2*w - 4*z = 4. What is the units digit of w?
0
Suppose -4*y - 3*v = -6 - 4, -v + 6 = 2*y. Suppose 2*k + 3*c = y*c + 21, 0 = -3*k + 2*c + 32. What is the tens digit of k?
1
Let g(d) = -d**3 - d + 2. Let w be g(0). Suppose -r - 4*m + w = 0, -5*r + 3*m = -4*r - 9. Let f = r - 5. What is the units digit of f?
1
Let j(g) = -g**3 - 6*g**2 - 3*g - 7. Suppose -3*b - 14 = 4. Let d be j(b). Let l = -9 + d. What is the units digit of l?
2
Let t(p) = -2*p**3 + p**2 - p. Suppose 2*z + 5*j = 17, -z + 0*j + 7 = 2*j. Let s be t(z). What is the units digit of s/(2 + (-9)/4)?
8
Let m(j) = 23*j - 28. What is the units digit of m(5)?
7
Let u be 26 - (2 + (-3 - -1)). Let y = u - 14. What is the tens digit of y?
1
What is the tens digit of (-2)/(-7) + 1/((-28)/(-3464))?
2
Suppose -3*p = -4*p + 23. What is the units digit of p?
3
Suppose 2*v + 26 + 6 = 4*i, 4*v = -2*i + 16. What is the units digit of i?
8
Suppose -6 = 4*k - 22. Let m be (-2)/k*(8 + -2). Let f(w) = w**3 + 3*w**2 - 4*w - 1. What is the tens digit of f(m)?
1
Let q = 125 + -89. Suppose i - q = -3*i. What is the units digit of i?
9
What is the hundreds digit of 1*-3 - ((-344)/2 + 1)?
1
Let b(o) = o**2 - o + 2. Let f be b(0). Suppose 5*q + y - 190 = 0, q = 6*y - f*y + 17. What is the units digit of q?
7
Let k(p) = 2*p**2 - 9*p - 6. What is the units digit of k(7)?
9
Suppose 2*y + 126 = 5*n, 0*n - 44 = -2*n + 4*y. Suppose 3 + 2 = r, 3*o + 4*r - 8 = 0. What is the units digit of (-1 - n)*o/6?
8
Let k = 233 + -4. What is the tens digit of k?
2
Suppose -20 = -v - v. Let a = -4 + v. Let i = a + -4. What is the units digit of i?
2
Let g be (-4)/(4/(-6) + 0). What is the units digit of 4/g - 98/(-6)?
7
Suppose -3*y - n = 35, -24 = 2*y + n - 0*n. Let c = y + 8. What is the units digit of (c + 1)*(-1)/2?
1
Let a(j) = 411*j - 1. Let g be a(1). What is the tens digit of g/20 - 6/4?
1
Suppose -203 = -4*j + 853. What is the units digit of j?
4
Let d(l) = -l**2 + 8